 -o, 0 = k + v - 2 - 0. Let c = 3 + k. Is c prime?
False
Suppose -3*r = -2*q + 866, -1289 = -3*q + 4*r - 2*r. Is q a composite number?
True
Let n = 6 + 0. Suppose -4*v + 2*v = -n. Suppose u - 51 = -2*x, -3*u + x + 161 = v*x. Is u a prime number?
False
Suppose -4*h - 9 = -21. Let n(u) = 3*u**2 - 2*u + 1. Let d(z) = z**3 + z**2 + 1. Let a(m) = d(m) - n(m). Is a(h) a prime number?
False
Let o(c) = 9*c - 5. Let z be o(5). Suppose -6*k + z = u - 3*k, -5*k = 4*u - 139. Is u composite?
False
Let o = 42 + -5. Is o a prime number?
True
Suppose 0 = -3*n + 4*b - 4, 3*b = -n - 2*n + 24. Suppose -n*m = -m - 180. Let c = m - -73. Is c prime?
False
Is (-6)/14 + 0 + (-353600)/(-70) composite?
False
Let t = -4047 - -5756. Is t prime?
True
Let y(i) = i - 1. Let b be y(6). Suppose -b*f + 4*m = -119, -2*f - 71 = -5*f + 2*m. Is f a prime number?
True
Let v(o) = -o - 5. Let g be v(0). Let j = g + 10. Suppose -4*c - j*f = -634, 2*c - c = 2*f + 165. Is c a composite number?
True
Suppose -4*z + 3490 + 3882 = 0. Is z a prime number?
False
Suppose 2*n = 80 + 88. Let k be (3 + -2)/((-1)/n). Let a = k - -197. Is a a composite number?
False
Suppose 435 + 25 = 4*f. Is f a prime number?
False
Let h(y) = -8*y**3 + 4*y**2 + 2*y - 2. Let z be h(-3). Let x = z - 86. Is x prime?
False
Let b(n) = 17*n + 53. Is b(10) composite?
False
Let m(q) = 20*q**3 - 9*q**2 + 8*q. Is m(5) composite?
True
Let z(i) = 35*i**2 + 2*i + 1. Let w be z(-2). Let g = w - 82. Is g composite?
True
Suppose 11 = 5*o + 4*m - 3, -3*m + 13 = 5*o. Let q be (3/o)/(6/904). Is 2/(-3) - q/(-6) a composite number?
False
Suppose h + 26 - 8 = -3*o, 5*h - o = -10. Is ((-46)/(-6))/((-1)/h) a composite number?
False
Let u(q) = -q**2 + 7*q + 15. Is u(8) a composite number?
False
Let l = -397 + 582. Is l composite?
True
Suppose -k = u + k - 295, 297 = u + 4*k. Is u composite?
False
Suppose -2*w + 3 = -t, -9 = -5*w - 0*w + 2*t. Suppose 3*b + 3*z = -2*z + 357, 119 = b - w*z. Is b a composite number?
True
Let w(h) = h**2 - 4*h - 8. Let l be w(6). Suppose -b = -3*j + 529, j - 32 - 137 = l*b. Is j composite?
True
Let g = -3927 + 9022. Is g prime?
False
Suppose -7*c = -2*c + 75. Let i = 25 + c. Is i prime?
False
Let i = -3 - -6. Is i + 0 - (2 + -34) composite?
True
Let a(w) = -w**3 + 4*w**2 + 4*w + 5. Let n be a(5). Suppose -5*i = 5*z - 125, 125 = 4*z - n*z - i. Let r = 5 + z. Is r composite?
True
Let d = 4 + -4. Suppose d = -4*l + 22 - 2. Suppose -3*a + 6*a + 4*o - 29 = 0, -a - l*o + 28 = 0. Is a a prime number?
True
Let w(n) = 52*n**2 + 2*n - 1. Suppose 0 = -4*m + 3*i - 4*i + 16, -20 = -5*m - 3*i. Let h = 5 - m. Is w(h) a prime number?
True
Let t(d) = 56*d + 7. Let m be t(-9). Suppose 0 = 2*s - 3*a - 1637, 0 = -5*s + 3*a + 3947 + 168. Let l = m + s. Is l a composite number?
True
Let p(m) = -m + 2. Let n be p(2). Is (n - (2 - 4)) + 2 a prime number?
False
Suppose 0 = 2*f + 3*f - 405. Suppose -573 + f = -4*s. Let g = s + -44. Is g a prime number?
True
Let p = 201 - 116. Is p a composite number?
True
Suppose 2*d = -2, 2*f - 4*d = 3*f + 8. Is 2/f*250/(-5) prime?
False
Suppose -8 = -b - 3*b. Let r(x) = 29*x**3 - 2*x + 2. Let y be r(b). Suppose w + w = y. Is w a prime number?
False
Let s(z) = 4*z**2 + z. Let l be s(-1). Let i be (-15)/6 + 892/8. Suppose l*x - 6*x = -5*t + i, 98 = 4*t + 3*x. Is t a composite number?
False
Is 2*(2 + (-2475)/(-6)) composite?
False
Let m = -46 - 16. Let p = 171 + m. Is p prime?
True
Let g(x) = -x + 1. Let q be g(-3). Suppose w + 105 = q*w. Is (1 + 0)*(w - 2) composite?
True
Suppose -146 = -g + 3. Is g composite?
False
Let x(l) = 4*l + 3. Let a(k) = k**2 + k - 6. Let y be a(-6). Let m = -16 + y. Is x(m) a prime number?
False
Let h = -972 - -1691. Is h composite?
False
Let i = 279 + -68. Is i composite?
False
Suppose 311 = 5*c - 24. Is c a composite number?
False
Is ((-25)/10)/((-3)/474) prime?
False
Suppose 0 = -2*x + 6*x - 8. Is -1 + (191 - 1)/x composite?
True
Let u(v) = -3*v + 4. Let s be u(-5). Suppose 2*x = 5*y + 3, 5*x = -0*y + y + s. Suppose -t - 6 = 2*z - 37, 3*t - x*z = 103. Is t composite?
True
Suppose 5*v = -2*y + 5*y - 3244, 4*y + 3*v - 4277 = 0. Is y a prime number?
False
Let d(k) = -160*k - 2. Is d(-1) prime?
False
Let z(g) be the second derivative of 65*g**3/6 + g**2/2 + 9*g. Let r = 6 - 4. Is z(r) composite?
False
Suppose 1 + 151 = 2*f. Suppose 4*u + f = 8*u. Is u a prime number?
True
Suppose -5*b = -3*l + 12, 0 = l - 5*l - 4*b + 16. Let f be -4 + 4/1 + 0. Is f - (-1 - l - 1) a prime number?
False
Let k be (-5)/4*(10 + -2). Let g = k - -12. Suppose c - 15 = -g*v + 25, 185 = 5*c + 5*v. Is c a prime number?
False
Suppose 0 = 100*v - 102*v + 8882. Is v prime?
True
Let n = 1 - -3. Let i = 1 - n. Is (i - 0)*13/(-3) composite?
False
Suppose -16 = -4*j + 8. Suppose j = 4*i - 6. Suppose -3*f = -i*u + 63, -u - 4*u + 2*f = -99. Is u a prime number?
True
Let t(i) = i + 8. Suppose 4*c + 50 = -c + 5*b, 5*c - b + 34 = 0. Let x be t(c). Is 19 - 0*x/(-4) composite?
False
Let o = 4 - 2. Suppose -4*f + 8 = -o*f. Suppose -f*m = -w - 0*m + 5, -2*m = 3*w - 29. Is w composite?
True
Let g(w) = -3 + 2 + 37*w - 9*w + 7*w. Is g(2) a composite number?
True
Let d = -76 + 291. Suppose -7*k = -6*k - 310. Let x = k - d. Is x prime?
False
Suppose -l - 26 = -243. Is l composite?
True
Let c(o) = 222*o**2 + 3*o + 2. Let x be c(-2). Let v = 1242 - x. Let k = v + -209. Is k prime?
True
Is ((-2)/4)/((-1)/614) prime?
True
Let t(b) = b**3 - 9*b**2 + 7*b + 10. Let p be t(8). Suppose -20 = v + p. Let l = v - -117. Is l a composite number?
True
Let o = -17 - -56. Let g be (1 - -1)*(o + -1). Suppose 4*r - g = -0*r. Is r composite?
False
Suppose 5*y = 3*y. Let i(z) = -z + 145. Is i(y) a composite number?
True
Is 3 + -1 + 0 + 8 + 2649 a composite number?
False
Let s = 2732 + 1055. Is s prime?
False
Suppose 2 - 70 = -4*p. Suppose p = x + c - 23, 5*x + 4*c = 195. Is x a prime number?
False
Let w be 0*((-20)/(-8) - 2). Is 3 + 251 - w/(-2) a composite number?
True
Suppose 0 = -2*l + 3*l. Suppose 0*b + 5*b - 775 = l. Is b composite?
True
Let g = -1 + 3. Is g/4 + (-421)/(-2) a prime number?
True
Suppose 3*j - 538 = -64. Suppose -j = -3*g - 47. Is g composite?
False
Is (1 - 4) + 6 + (629 - 1) composite?
False
Let p be 950/6 + 6/9. Suppose 0 = 5*t - 2*t - p. Is t a prime number?
True
Let d(y) = 8*y**3 - 6*y**2 + 6*y - 1. Is d(4) a prime number?
True
Suppose -l - 4*v = 2*l - 17, -3*l + 18 = 3*v. Let f(t) = -t**3 + 6*t**2 + 8*t + 5. Let q be f(l). Suppose -5*i + 12 = 3*s, 0 = -3*s + i + 4*i + q. Is s prime?
False
Let q = -235 - -489. Is q composite?
True
Let v(j) = -3 + j + 21 + 4. Let x be v(0). Let t = x + 1. Is t composite?
False
Suppose 0 = -n + 38 + 9. Is n composite?
False
Let a = -83 - -180. Is a a prime number?
True
Let b = -41 + 468. Suppose 6*h - 5*h = -2, -m = 3*h + 174. Let y = b + m. Is y a composite number?
True
Suppose 5*t - m - 1605 = 2*t, 0 = -m. Is t composite?
True
Let m(a) = 76*a**2 - 3*a + 6. Is m(3) prime?
False
Suppose 5*a + 10 = -5*y, 5*a + 0 + 19 = -2*y. Suppose 10 = c + c, -y*c = -3*t - 6. Suppose h - t*r = 3, 0*r - 3 = -3*r. Is h a composite number?
True
Is 411*10 + 4/4 composite?
False
Let d(s) = s**3 - 2*s**2 + 2*s + 1. Let w = 1 - -1. Let u be d(w). Suppose -u*v - 10 = -495. Is v a prime number?
True
Let j(u) = 2*u**3 - 6*u**2 + 11*u - 15. Is j(8) a prime number?
False
Is ((-633)/6)/(7/(-28)) a prime number?
False
Let g = 110 - 34. Suppose -u = 5*v - 590, 3*u = 2*v - 177 - g. Is v composite?
True
Let a(d) = 6*d**3 + 4*d**2 - 4*d + 7. Let g be a(3). Let v be -1*(-2 - -4)*-32. Suppose -3*b = v - g. Is b a prime number?
True
Let k(n) = -n**3 + 3*n**2 - n - 2. Let y be k(2). Is (-3 + y)*12/(-9) a prime number?
False
Let z be 1/4*62*2. Suppose 2*l + z = 5*r, 3*l - 1 = -r - r. Is (2 - 0) + l - -47 a composite number?
True
Let n be ((-6)/9)/(6/(-1629)). Suppose -6*d = -3*w - d + n, -w = 2*d - 75. Is w a composite number?
False
Suppose -5*f + 3*c = -361, -2 = 3*f + 5*c - 239. Let x = 204 - 93. Let o = x - f. Is o a prime number?
True
Let u = -678 - -1583. Is u composite?
True
Suppose -4*s + 135 + 17 = 0. Suppose 0 = -k + s. Suppose -x = -2*l + 49, 0 = l - 4*x - x - k. Is l a prime number?
True
Let v(r) = r**3 + 14*r**2 + 9*r + 39. Is v(-12) composite?
True
Suppose -4*o + 534 + 6 = 0. Suppose 48 - o = -f. Is f a compos